r of y and n.
6
Let f(t) = -t**2 - 24*t - 16. Let b be f(-12). What is the greatest common divisor of 16 and b?
16
Let m = 183 + 1358. Calculate the highest common factor of 46 and m.
23
Suppose 52*a = 4240 + 3664. What is the greatest common factor of 20 and a?
4
Let y be (-2)/2*0/(-7). Suppose y*l = -2*l + 6. Suppose 2*k = -j + k + l, -3*k = 2*j - 4. What is the highest common divisor of j and 40?
5
Let l(g) = 2*g**3 - 11*g**2 - 7*g + 11. Let u be l(6). Suppose 3*r + k = 5*r - 2, 2*r = 2*k. What is the highest common factor of r and u?
1
Suppose 5*l = -2*p - 79, -l + 2*l = p - 13. Let w(t) = -9*t**2 + 6*t**3 + 17 - 6*t**2 - 7*t**3. Let j be w(l). What is the highest common factor of j and 17?
17
Let x(s) = 7*s**2 - 13*s + 3. Let y be x(2). Suppose 3*t + y*f = 74, 0 = 2*t - 4*f - 63 - 1. What is the highest common divisor of t and 364?
28
Let i be 4 - -27 - (0 + (-3 - -2)). Let d be (66/12 + -6)/((-2)/i). What is the greatest common divisor of d and 88?
8
Let a = 14 - 10. Suppose 4*v + 22 = p - v, -3*p - v - 14 = 0. Let q be a*(-4)/24*p. Calculate the greatest common divisor of q and 16.
2
Let h be (0 - 21/(-6))*(-54020)/(-511). Calculate the highest common divisor of 70 and h.
10
Let p be (0 - -2) + -1 + 179. Let h be (-2)/1*(3 - 2)*10. Let o be (-1)/((-4 + 3)/h*-1). Calculate the greatest common divisor of p and o.
20
Let t(f) = f**2 - 24*f + 22. Let a be t(18). Let w = 134 + a. Calculate the highest common divisor of 240 and w.
48
Let z(s) = -s**3 + 9*s**2 - 14*s - 13. Let i be z(7). Let v(u) = -3*u - 36. Let c be v(i). What is the highest common factor of c and 15?
3
Let h(p) = -3*p + 105. Let z = -48 - -48. Let c be h(z). What is the highest common factor of 21 and c?
21
Let c be 64/6*(-7 + (-134)/(-8)). What is the greatest common factor of 364 and c?
52
Suppose 0 = -95*s + 92*s. Suppose l = 4*j + 47, s*l + 4*j - 61 = -3*l. Calculate the highest common divisor of l and 189.
27
Let p = 615 - 435. What is the highest common factor of p and 135?
45
Let h be ((-4)/(-18))/((-18)/(-27))*3. Suppose -3*x - 4 = -1. Let w be 0/x + 6/2. Calculate the highest common factor of h and w.
1
Let y(t) = t**2 + 14*t + 64. Let v be y(-8). Calculate the greatest common factor of v and 1936.
16
Let q(r) = -r**2 + r. Let w be q(4). Let h = 14 + w. Suppose 0 = 4*n - 3*x - 18, 3*n + 3*x = -h + 26. What is the greatest common divisor of n and 6?
6
Suppose l + d = 8, -5*l + d + 49 - 3 = 0. Let r be (-18)/l - 9*-1. What is the greatest common factor of 28 and r?
7
Let c(j) = -j**3 - 2*j - 2. Let n be c(-2). Let g = -305 + 339. Let w = g + n. Calculate the greatest common divisor of w and 11.
11
Suppose -2*d - 8*u + 48 = -4*u, 3*d + 5*u - 77 = 0. What is the highest common divisor of d and 714?
34
Let c = 78 - 73. What is the highest common factor of 5 and c?
5
Let c = -63 + 30. Let z = c + 72. What is the greatest common divisor of 26 and z?
13
Suppose 0 = -4*q + 70 + 146. Let n(s) = -s**2 - 8*s - 7. Let b be n(-5). Suppose b*h = 3*h + 90. What is the highest common divisor of q and h?
18
Let j = -1669 - -1089. Let c = -412 - j. Let m(z) = z**2 - 6*z + 24. Let i be m(6). Calculate the greatest common factor of i and c.
24
Let b be (-1)/5 - 3208/(-40). Let q = -38 + b. What is the highest common factor of 105 and q?
21
Let b be (3 + -1)*1 + -5. Let k(z) = -z**2 + 8*z + 25. Let p be k(11). Let w be b/(-6) - p/16. What is the greatest common divisor of 3 and w?
1
Let z = -39 - -47. Let x be (-11640)/(-64) - (-1)/z. Calculate the greatest common factor of x and 26.
26
Let q(j) = 15*j**2 + 26*j - 112. Let c be q(4). Calculate the highest common factor of c and 24.
8
Let m = 538 + -308. Let x = m - 98. What is the greatest common divisor of x and 12?
12
Suppose 4*b - 16 = -32. Let i = 37 - 25. Let n be b/(-6) - (-232)/i. What is the highest common factor of n and 180?
20
Suppose 5 = 4*q - 27. Suppose -2 = w - q. Let k be (w*3/(-6))/(-3). Calculate the greatest common factor of k and 1.
1
Suppose 4*r + 294 = i, 10*r - 5*r = -10. Let y(u) = u**3 + 6*u**2 + u - 2. Let j be y(-4). What is the greatest common factor of j and i?
26
Suppose 6*h = 526 - 4. Suppose -14*u + 131 = -9*u + 3*t, 3*u = t + h. Calculate the highest common factor of u and 70.
14
Let x = 1 - 1. Suppose x = i - y - 21, 5*i = -5*y + 64 - 9. Suppose 5*f = 3*r + 797, -f + 35 = -4*r - 121. What is the greatest common factor of f and i?
16
Suppose 0 = 172*p - 181*p + 234. Let k = -2 + 5. Suppose -k*z + 195 = 2*z. Calculate the greatest common factor of z and p.
13
Let d be -2 + 3 - -49 - 8/4. Let h = d + -21. Calculate the greatest common divisor of h and 36.
9
Let l be (-178)/(-8)*2 + 32/64. What is the greatest common factor of l and 72?
9
Let h(z) = -18*z - 32. Let a be h(-10). Let i = a - 78. Calculate the highest common divisor of 20 and i.
10
Suppose l - 31 = -5. What is the highest common factor of l and 338?
26
Let c = -82 + 80. Let f be (c/3)/(4/(-12)). Calculate the greatest common divisor of 3 and f.
1
Let y be -9 + 10 - (7 - 2). Let f be 18 + y*20/(-16). Calculate the greatest common factor of 69 and f.
23
Let i = 7 - 0. Suppose 2*n = -2*a + 6, 2*n + 2*n = 2*a - 18. Let f be a*11/((-110)/(-84)). What is the highest common divisor of i and f?
7
Let v = -10 - -35. Let c(x) = 3*x**2 - 10*x - 25. Let n be c(-5). Calculate the greatest common divisor of n and v.
25
Let w be 702/2*(-10)/(-15). Calculate the highest common divisor of 18 and w.
18
Suppose -2*u - 2*b = -96, 0*u + 5*u - 5*b = 200. Suppose -u - 56 = -g. Let i(v) = 41*v**2 - 1. Let k be i(-1). What is the greatest common divisor of g and k?
20
Suppose 0 = -14*x + 49 + 91. Let u(b) = -b**3 - 3*b**2 + 2*b + 2. Let d be u(-4). What is the highest common divisor of x and d?
10
Let y(r) = 30*r - 105. Let q be y(13). What is the greatest common factor of q and 76?
19
Let p be (((-180)/6)/(-6))/5 - -767. What is the highest common divisor of p and 8?
8
Let k be 18/(-45) - (-77)/5. Let n = -30 + k. Let c be 20/(-150) - 32/n. What is the highest common divisor of c and 14?
2
Let x = -14 + 17. Suppose -b = -4*d - 279, 144 + 69 = -3*d - x*b. Let l be (-628)/(-7) - 20/d. What is the highest common factor of l and 10?
10
Suppose 0 = 3*j + 228 - 969. Let p = -166 + j. Calculate the highest common factor of p and 9.
9
Let p = -59 - -111. Let g be 4 - p/1*-1. What is the greatest common factor of 14 and g?
14
Let v(p) = -p**3 + 4*p**2 + 8*p - 12. Let m be v(5). Suppose -5*l + 377 = 2*c, -5*l + 457 = m*c + 84. Calculate the highest common factor of 11 and l.
11
Suppose j = -3 - 35. Let r = j - -39. What is the highest common divisor of 7 and r?
1
Let p be (-26)/(-8) - 5/20. Suppose -4*g = -p*y - 64, -g - 26 = -3*g + 3*y. Suppose -28 - 29 = -3*h. Calculate the greatest common divisor of h and g.
19
Let t(f) = 122*f**2 - 20*f - 2. Let j be t(-3). What is the highest common divisor of 68 and j?
68
Let v be 0 + 9/(-3) - -6. Suppose -5*l - 145 = -5*w, 4*w = 7*w + l - 67. What is the greatest common divisor of v and w?
3
Let a be (-1*2)/(2/(-25)). Let h(r) = -13*r + 49. Let p be h(3). Calculate the greatest common divisor of a and p.
5
Let v = -16 + 16. Let h be (-18)/6 + v + -2. Let y = h + 10. Calculate the highest common factor of y and 40.
5
Suppose -p + 16 = -50. Suppose -i + 3 = -0*i. Suppose -30 = -i*q - 2*q + 5*k, 0 = -5*q + k + 30. What is the greatest common factor of p and q?
6
Let g(j) be the second derivative of j**3/6 + 5*j**2 - 5*j. Let k be g(-9). What is the greatest common factor of 2 and k?
1
Let a(t) = 6*t**2 + 36*t - 814. Let b be a(16). Calculate the greatest common factor of 118 and b.
118
Suppose -4*b - 23 = -i, 3*b + 7 = -3*i + 31. Let j = -1 + 12. Suppose 3*a - 3*z - 55 = -2*a, -j = -a + 4*z. Calculate the greatest common factor of i and a.
11
Suppose -3*u - 5*y = 5, -u + 0 = -2*y - 2. Suppose 30 = 5*g - u*g - 2*n, 0 = 5*g + 4*n. What is the greatest common factor of g and 32?
4
Let t(w) = -w + 39. Let s be t(-17). What is the greatest common divisor of s and 56?
56
Suppose 9*p = 1 + 17. Let k(b) = 23*b**2 - 4 - 7*b**2 + 19*b**2. Let r be k(p). What is the highest common divisor of r and 17?
17
Let i be (-10 - (-290)/30) + 218/6. Calculate the greatest common factor of i and 27.
9
Suppose 1579*g - 180 = 1576*g. What is the highest comm